*t + 2*i + 266 = 0, 0 = 3*t - 18*i + 14*i - 394. What is the remainder when t is divided by 49?
40
Suppose 40 = 2*q - 2*x, -2*q - 2*x + 60 = q. Suppose 20 = 2*b - 2*c, -5*c + 15 = 2*b - 12. Calculate the remainder when q is divided by b.
9
Let d(o) be the second derivative of -1/20*o**5 - 5*o - 13/12*o**4 + 0 + 9*o**2 + 5/2*o**3. Calculate the remainder when 14 is divided by d(-14).
2
Let g(r) be the second derivative of r**4/6 - r**3/6 + 5*r**2 + 12*r. What is the remainder when 24 is divided by g(0)?
4
Suppose 45*g - 115 = 40*g. What is the remainder when 106 is divided by g?
14
Suppose 196*u = 188*u + 2336. What is the remainder when u is divided by 21?
19
Suppose -5*l + 2*v + 254 = 0, -4*v + 170 + 22 = 4*l. Suppose -2*w + l = -0*w. What is the remainder when (-112 + 1)*(3 + 44/(-12)) is divided by w?
24
Suppose 0 = 18*n - 11*n - 1624. Calculate the remainder when n is divided by 39.
37
Calculate the remainder when 232 is divided by ((-31)/2 - -11)*(-3 + 1).
7
Suppose -2*t = -13*t + 1628. Calculate the remainder when t is divided by 25.
23
Let i(o) = -2*o - 27. Calculate the remainder when 40 is divided by i(-25).
17
Let u(p) = -2*p**3 + 16*p**2 + 5*p - 14. What is the remainder when 155 is divided by u(8)?
25
Suppose -96 = -2*d - 4*w - 0*w, -4*d + 199 = w. Let s = 72 - 38. Let a = 47 - s. Calculate the remainder when d is divided by a.
11
Suppose 0 = 2*c + 4 - 12. Suppose 1 = r - c. What is the remainder when 33 is divided by r?
3
Suppose -5*g = -b + 5*b - 503, b + 196 = 2*g. Let p(t) = 21*t**2 + t. What is the remainder when g is divided by p(-1)?
19
Suppose -20 + 104 = 4*i. Suppose 36*m - 6968 = -10*m - 21*m. What is the remainder when m is divided by i?
20
Let a(h) = 3*h - 16. Let d = 13 + -4. Calculate the remainder when a(17) is divided by d.
8
Let k(j) = 34*j**2 - j + 2. What is the remainder when k(1) is divided by 19?
16
Suppose j - 21 = -p, 3*p - j + 2*j = 61. Suppose -8 - 17 = -5*l. Suppose 2 = z - l. What is the remainder when p is divided by z?
6
Calculate the remainder when 424 is divided by (-6516)/(-102) + 5 - 2/(-17).
10
Let f be (4 - 3)*(-3)/((-3)/32). Suppose 9*q + f = 13*q. What is the remainder when 19 is divided by q?
3
What is the remainder when ((-54)/12 - 7)*-2 is divided by 12?
11
Let i(m) = -26*m - 34. Suppose 4 = -3*d - 2. What is the remainder when 46 is divided by i(d)?
10
Let i(k) = k**2 + 5*k + 2. What is the remainder when i(8) is divided by 114/5 + 64/(-80)?
18
Suppose 0*j = -5*j + 10, 0 = 4*r + 5*j - 162. Calculate the remainder when r is divided by 10.
8
Suppose z = -5*w - 0*z + 87, -3*z = -w + 27. Suppose 35 = c + 1. What is the remainder when c is divided by w?
16
Let p be 2/(-2) + (-3)/(-1). Let d = 33 - 28. Suppose -p*j - 16 = 2*j, 71 = 3*m - d*j. What is the remainder when 66 is divided by m?
15
What is the remainder when 54 is divided by (-110)/(-495) - 536/(-18)?
24
Suppose -b - j = -98 - 20, -4*j = -16. Calculate the remainder when b is divided by 5.
4
Let p(n) = n**2 - 11*n + 13. What is the remainder when (2 + -1 - -52) + -2 is divided by p(11)?
12
Let w = 750 + -454. Calculate the remainder when w is divided by 11.
10
Let h = -314 + 445. Calculate the remainder when h is divided by 27.
23
Let j(l) = -l**2 + 6*l + 3. Let c be j(4). Let b = c - 5. Let v(w) = 14*w**3 + 4*w - 3. What is the remainder when v(1) is divided by b?
3
Let n = 13 + -43. Let k be 2/3*n/(-4). Suppose -w + k = -33. Calculate the remainder when w is divided by 14.
10
Let f = -36 + 52. Suppose -5*w = -41 + f. Calculate the remainder when 12 is divided by w.
2
Suppose 2*x + 11 = -3*v, -2*x + 6*x + 12 = -4*v. Suppose 7*b - 701 = x*b + 2*a, -4*b - a = -553. Calculate the remainder when b is divided by 35.
34
Suppose -2*m + m = l + 6, 0 = -3*l - 2*m - 15. Suppose -7*b + 171 = 150. Calculate the remainder when 45 is divided by l - ((0 - b) + -12).
9
Suppose -4*f + 17 + 11 = 0. Suppose -2*x - 25 = -f*x. Calculate the remainder when 33 is divided by x.
3
Let x = 143 + -61. Suppose -4*l + x = -210. Let d(h) = -157*h - 766. Calculate the remainder when l is divided by d(-5).
16
Let x(p) = 30*p**3 - 2*p - p**2 + 2*p**2 + 2 - p**2. Calculate the remainder when 57 is divided by x(1).
27
Let k be (-2 + 3)/(-2 + 3). Suppose k + 4 = -z. Calculate the remainder when 23 is divided by 2/(-5) + (-42)/z.
7
What is the remainder when 277 is divided by (-13)/((-520)/150)*8?
7
Let r(b) = 128*b**2 + 5*b - 2. Let n(w) = -64*w**2 - 2*w + 1. Let k(o) = -5*n(o) - 2*r(o). What is the remainder when k(1) is divided by 11?
8
What is the remainder when 151 is divided by 1 + 15/(-12) + 89/4?
19
Suppose 0 = x - 33 - 7. Suppose -3*z + 6*g + x = g, -2*g = z + 5. Calculate the remainder when 17 is divided by z.
2
Calculate the remainder when 31 is divided by 8/(-6)*(-25 - -13).
15
Suppose c = -3*c - 40. Let q be ((-6)/(-9))/(c/(-75)). Suppose 0 = q*u - 106 + 31. What is the remainder when u is divided by 6?
3
Let v be 1/((-1)/47) - 1. Let s be 2/5 - v/(-20). What is the remainder when 66 is divided by s/((-6)/45) + 2?
15
Let i(l) = 24*l**2 + l. Suppose -2*a = -k + 3, -a = -0*k - 2*k + 3. What is the remainder when i(a) is divided by 6?
5
Suppose -7*i = -4*i - 72. Calculate the remainder when 42 + ((-12)/(-4))/1 is divided by i.
21
Let i = -6 - -12. Suppose -5*m + i + 14 = 0. Suppose -m*x - 170 = -9*x. What is the remainder when 101 is divided by x?
33
Let k(o) = -11*o - 2. Let r(l) = l + 4. Let t be r(-6). Calculate the remainder when 57 is divided by k(t).
17
Calculate the remainder when 207 is divided by (-140)/(-12) - (-6)/(-9).
9
Suppose 3*c + m - 23 = 0, 5*m - 12 = -4*c + 4. What is the remainder when 31 is divided by c?
4
Suppose -8*j = 2*f - 6*j - 30, 2*f = -j + 32. What is the remainder when f is divided by 1?
0
Let j(k) = 280*k + 6454. Let p = 12 + -7. Calculate the remainder when j(-23) is divided by p.
4
Suppose 0 = 2*u - 1 + 3. Let y = u + 8. Calculate the remainder when 13 is divided by y.
6
Suppose 34*x - 376 = 270. Calculate the remainder when 300 is divided by x.
15
Let b(n) = -4*n - 5. Let k be b(-2). Suppose -31 = 2*f - 3*f - k*q, 0 = 3*f + 5*q - 77. What is the remainder when 34 is divided by f?
15
Suppose 4*s = -s - j + 1622, 0 = 2*s + 2*j - 644. What is the remainder when s is divided by 111?
103
Suppose 0 = -8*b + 3*b + 2*n + 45, -b - n + 2 = 0. Calculate the remainder when 17 is divided by b.
3
Let v = 292 - 276. Calculate the remainder when (-1002)/(-8) - 8/32 is divided by v.
13
Suppose 5*l + 4*k = 6, 2*l = l - 2*k. Let a be (-2 + l)/1 + 3. Suppose -2*j - 15 + 53 = -h, a*j - 57 = -5*h. What is the remainder when 74 is divided by j?
17
Suppose 0 = f - 10 + 9. Calculate the remainder when f - ((-42)/28)/(1/28) is divided by 22.
21
Suppose 4*y - 78 = 162. Suppose -y - 327 = -9*z. What is the remainder when z is divided by (-15)/6*6*-1?
13
Suppose -4*g + 0*g = -5*a - 10, -a = -g + 3. Suppose -70 = -3*u - u - 5*h, 2*u = -g*h + 40. What is the remainder when 88 is divided by u?
13
Let k(x) = -14*x - 13. Let s be k(-2). Suppose c - 33 = -s. Calculate the remainder when 29 is divided by c.
11
Let w be (-3)/(6/6) - -3. Let x = 1 + 1. Suppose u - x = -w*u. What is the remainder when 7 is divided by u?
1
Calculate the remainder when (8 + -10)*(8 + -552) is divided by 52.
48
Let k be 15/(-2)*(-156)/(-15). What is the remainder when 65 is divided by (-2 + 5)/((-13)/k)?
11
Let q be (-7 + 8)/((-2)/(-72)*1). Suppose -y - 17 - q = -3*f, 5*f - 5*y = 105. Let g(o) = 3*o**2 + 3*o + 1. What is the remainder when g(4) is divided by f?
13
Let l be (-15 - 1) + (-2 - 1). Let c = 35 + l. Let f = 436 + -390. What is the remainder when f is divided by c?
14
Suppose -89*t + 4*t = -2380. What is the remainder when 54 is divided by t?
26
Let b(a) = 2*a**2 + 3*a - 4. Let w(v) = v**2 - 7*v + 2. Let y be w(7). Calculate the remainder when (-19)/(-3)*(5 + -2) is divided by b(y).
9
Let s(h) = -7 + h - 21*h**3 - 21*h**3 + 41*h**3 + 6*h**2. Calculate the remainder when 66 is divided by s(3).
20
Let i = 32 - 20. Suppose 0 = -3*h - 3*p + 12 + i, -4*h - p = -32. Calculate the remainder when 14 is divided by h.
6
Suppose a - 5*h + h = 34, -2*h = 6. What is the remainder when 61 is divided by a?
17
What is the remainder when 230 is divided by 70 - (1 - 13)*(-9)/36?
29
Calcula